{"id":16,"date":"2022-03-22T12:09:49","date_gmt":"2022-03-22T12:09:49","guid":{"rendered":"https:\/\/praxis-jahrmann.de\/?page_id=16"},"modified":"2022-03-22T13:47:37","modified_gmt":"2022-03-22T13:47:37","slug":"dr-rer-nat-thomas-jahrmann","status":"publish","type":"page","link":"https:\/\/praxis-jahrmann.de\/?page_id=16","title":{"rendered":"Dr. rer. nat. Thomas Jahrmann"},"content":{"rendered":"<p>geboren 1963 in Hamburg, verheiratet seit 1991, zwei T\u00f6chter. Studium der Chemie an den Universit\u00e4ten Kiel und Freiburg im Br. Diplom &#8211; und Doktorarbeit im Bereich der Krebsforschung.<img decoding=\"async\" style=\"float: right; height: 400px; margin: 15px 25px; width: 283px;\" src=\"http:\/\/jahrmann.poly-dev.de\/jahrmann\/img\/thomas_small.jpg\" alt=\"\" \/><\/p>\n<ul>\n<li><big><strong>1994<\/strong><\/big> Promotion, Lehr- u. Assistenzt\u00e4tigkeit im Institut f\u00fcr physikalische Chemie der Universit\u00e4t Freiburg<\/li>\n<li><strong><big>1992-1995<\/big><\/strong> Ausbildung zum Heilpraktiker an der Deutschen Paracelsus Schule in Freiburg, Verschiedene Ausbildungen in Chiropraktik nach Ackermann und Sell, Shiatsu nach Wataru Ohashi<\/li>\n<li><big><strong>1995<\/strong><\/big> Zulassung zum Heilpraktiker durch das Gesundheitsamt Freiburg<\/li>\n<li><big><strong>1996-1999<\/strong><\/big> selbst\u00e4ndige Praxist\u00e4tigkeit in Badenweiler<\/li>\n<li><big><strong>1999 -2001<\/strong><\/big> Mitarbeit in einem F.X. Mayr Zentrum unter \u00e4rztlicher Leitung auf Teneriffa mit den Schwerpunkten Colon-Hydro-Therapie, Darmreinigung Ausbildung bei Dr. med. Renate Collier in Azidosetherapie<\/li>\n<li><big><strong>2001-2004<\/strong><\/big> Gemeinschaftspraxis in Puerto de la Cruz, Teneriffa<\/li>\n<li>Seit <big><strong>2004<\/strong><\/big> Praxist\u00e4tigkeit in Weikersheim, Main-Tauber-Kreis<\/li>\n<\/ul>\n","protected":false},"excerpt":{"rendered":"<p>geboren 1963 in Hamburg, verheiratet seit 1991, zwei T\u00f6chter. Studium der Chemie an den Universit\u00e4ten Kiel und Freiburg im Br. Diplom &#8211; und Doktorarbeit im Bereich der Krebsforschung. 1994 Promotion, Lehr- u. Assistenzt\u00e4tigkeit im Institut f\u00fcr physikalische Chemie der Universit\u00e4t Freiburg 1992-1995 Ausbildung zum Heilpraktiker an der Deutschen Paracelsus Schule in Freiburg, Verschiedene Ausbildungen in Chiropraktik nach Ackermann und Sell, Shiatsu nach Wataru Ohashi 1995 Zulassung zum Heilpraktiker durch das Gesundheitsamt Freiburg 1996-1999 selbst\u00e4ndige Praxist\u00e4tigkeit in Badenweiler 1999 -2001 Mitarbeit in einem F.X. Mayr Zentrum unter \u00e4rztlicher Leitung auf Teneriffa mit den Schwerpunkten Colon-Hydro-Therapie, Darmreinigung Ausbildung bei Dr. med. Renate Collier in Azidosetherapie 2001-2004 Gemeinschaftspraxis in Puerto de la Cruz, Teneriffa Seit 2004 Praxist\u00e4tigkeit in Weikersheim, Main-Tauber-Kreis<\/p>\n","protected":false},"author":1,"featured_media":0,"parent":14,"menu_order":0,"comment_status":"closed","ping_status":"closed","template":"","meta":{"footnotes":""},"class_list":["post-16","page","type-page","status-publish"],"_links":{"self":[{"href":"https:\/\/praxis-jahrmann.de\/index.php?rest_route=\/wp\/v2\/pages\/16","targetHints":{"allow":["GET"]}}],"collection":[{"href":"https:\/\/praxis-jahrmann.de\/index.php?rest_route=\/wp\/v2\/pages"}],"about":[{"href":"https:\/\/praxis-jahrmann.de\/index.php?rest_route=\/wp\/v2\/types\/page"}],"author":[{"embeddable":true,"href":"https:\/\/praxis-jahrmann.de\/index.php?rest_route=\/wp\/v2\/users\/1"}],"replies":[{"embeddable":true,"href":"https:\/\/praxis-jahrmann.de\/index.php?rest_route=%2Fwp%2Fv2%2Fcomments&post=16"}],"version-history":[{"count":2,"href":"https:\/\/praxis-jahrmann.de\/index.php?rest_route=\/wp\/v2\/pages\/16\/revisions"}],"predecessor-version":[{"id":18,"href":"https:\/\/praxis-jahrmann.de\/index.php?rest_route=\/wp\/v2\/pages\/16\/revisions\/18"}],"up":[{"embeddable":true,"href":"https:\/\/praxis-jahrmann.de\/index.php?rest_route=\/wp\/v2\/pages\/14"}],"wp:attachment":[{"href":"https:\/\/praxis-jahrmann.de\/index.php?rest_route=%2Fwp%2Fv2%2Fmedia&parent=16"}],"curies":[{"name":"wp","href":"https:\/\/api.w.org\/{rel}","templated":true}]}}